{"id":4045,"date":"2024-08-14T16:01:25","date_gmt":"2024-08-14T19:01:25","guid":{"rendered":"https:\/\/mobilis.wxlabs.com.br\/solucoes\/flexits-solucion-portatil-rapida-y-ligera-para-el-control-de-velocidad\/"},"modified":"2024-12-18T13:53:29","modified_gmt":"2024-12-18T16:53:29","slug":"flexits-solucion-portatil-rapida-y-ligera-para-el-control-de-velocidad","status":"publish","type":"solucoes","link":"https:\/\/mobilistraffic.com\/es\/soluciones\/flexits-solucion-portatil-rapida-y-ligera-para-el-control-de-velocidad\/","title":{"rendered":"FLEXITS: soluci\u00f3n port\u00e1til, r\u00e1pida y ligera para el Control de Velocidad"},"content":{"rendered":"\n<figure class=\"wp-block-image size-large\"><img fetchpriority=\"high\" decoding=\"async\" width=\"1024\" height=\"623\" src=\"https:\/\/mobilistraffic.com\/wp-content\/uploads\/2024\/08\/flexits-caso-uso-01-1024x623.jpg\" alt=\"\" class=\"wp-image-2460\" srcset=\"https:\/\/mobilistraffic.com\/wp-content\/uploads\/2024\/08\/flexits-caso-uso-01-1024x623.jpg 1024w, https:\/\/mobilistraffic.com\/wp-content\/uploads\/2024\/08\/flexits-caso-uso-01-300x183.jpg 300w, https:\/\/mobilistraffic.com\/wp-content\/uploads\/2024\/08\/flexits-caso-uso-01-768x468.jpg 768w, https:\/\/mobilistraffic.com\/wp-content\/uploads\/2024\/08\/flexits-caso-uso-01-1536x935.jpg 1536w, https:\/\/mobilistraffic.com\/wp-content\/uploads\/2024\/08\/flexits-caso-uso-01.jpg 1920w\" sizes=\"(max-width: 1024px) 100vw, 1024px\" \/><\/figure>\n\n<p>Desarrollado para su uso en acciones especiales y\/u ocasionales de vigilancia del tr\u00e1fico, el equipo port\u00e1til es modular, ligero y f\u00e1cil de montar. Su diferencial reside en la flexibilidad de a\u00f1adir funcionalidades que permiten ampliar el \u00e1mbito de operaciones. Se puede montar en tr\u00edpodes, veh\u00edculos, puentes y pasarelas.<\/p>\n\n<figure class=\"wp-block-image size-large\"><img decoding=\"async\" width=\"1024\" height=\"589\" src=\"https:\/\/mobilistraffic.com\/wp-content\/uploads\/2024\/08\/flexits-caso-uso-03-1024x589.jpg\" alt=\"\" class=\"wp-image-2462\" srcset=\"https:\/\/mobilistraffic.com\/wp-content\/uploads\/2024\/08\/flexits-caso-uso-03-1024x589.jpg 1024w, https:\/\/mobilistraffic.com\/wp-content\/uploads\/2024\/08\/flexits-caso-uso-03-300x173.jpg 300w, https:\/\/mobilistraffic.com\/wp-content\/uploads\/2024\/08\/flexits-caso-uso-03-768x442.jpg 768w, https:\/\/mobilistraffic.com\/wp-content\/uploads\/2024\/08\/flexits-caso-uso-03-1536x883.jpg 1536w, https:\/\/mobilistraffic.com\/wp-content\/uploads\/2024\/08\/flexits-caso-uso-03.jpg 1920w\" sizes=\"(max-width: 1024px) 100vw, 1024px\" \/><\/figure>\n","protected":false},"excerpt":{"rendered":"<p>Desarrollado para su uso en acciones especiales y\/u ocasionales de vigilancia del tr\u00e1fico, el equipo port\u00e1til es modular, ligero y f\u00e1cil de montar. Su diferencial reside en la flexibilidad de a\u00f1adir funcionalidades que permiten ampliar el \u00e1mbito de operaciones. Se puede montar en tr\u00edpodes, veh\u00edculos, puentes y pasarelas.<\/p>\n","protected":false},"author":1,"featured_media":4315,"template":"","class_list":["post-4045","solucoes","type-solucoes","status-publish","has-post-thumbnail","hentry"],"_links":{"self":[{"href":"https:\/\/mobilistraffic.com\/es\/wp-json\/wp\/v2\/solucoes\/4045","targetHints":{"allow":["GET"]}}],"collection":[{"href":"https:\/\/mobilistraffic.com\/es\/wp-json\/wp\/v2\/solucoes"}],"about":[{"href":"https:\/\/mobilistraffic.com\/es\/wp-json\/wp\/v2\/types\/solucoes"}],"author":[{"embeddable":true,"href":"https:\/\/mobilistraffic.com\/es\/wp-json\/wp\/v2\/users\/1"}],"version-history":[{"count":0,"href":"https:\/\/mobilistraffic.com\/es\/wp-json\/wp\/v2\/solucoes\/4045\/revisions"}],"wp:featuredmedia":[{"embeddable":true,"href":"https:\/\/mobilistraffic.com\/es\/wp-json\/wp\/v2\/media\/4315"}],"wp:attachment":[{"href":"https:\/\/mobilistraffic.com\/es\/wp-json\/wp\/v2\/media?parent=4045"}],"curies":[{"name":"wp","href":"https:\/\/api.w.org\/{rel}","templated":true}]}}

FLEXITS: solución portátil, rápida y ligera para el Control de Velocidad

<figure class="wp-block-image size-large"><img fetchpriority="high" decoding="async" width="1024" height="623" src="https://mobilistraffic.com/wp-content/uploads/2024/08/flexits-caso-uso-01-1024x623.jpg" alt="" class="wp-image-2460" srcset="https://mobilistraffic.com/wp-content/uploads/2024/08/flexits-caso-uso-01-1024x623.jpg 1024w, https://mobilistraffic.com/wp-content/uploads/2024/08/flexits-caso-uso-01-300x183.jpg 300w, https://mobilistraffic.com/wp-content/uploads/2024/08/flexits-caso-uso-01-768x468.jpg 768w, https://mobilistraffic.com/wp-content/uploads/2024/08/flexits-caso-uso-01-1536x935.jpg 1536w, https://mobilistraffic.com/wp-content/uploads/2024/08/flexits-caso-uso-01.jpg 1920w" sizes="(max-width: 1024px) 100vw, 1024px" /></figure>

<p>Desarrollado para su uso en acciones especiales y/u ocasionales de vigilancia del tráfico, el equipo portátil es modular, ligero y fácil de montar. Su diferencial reside en la flexibilidad de añadir funcionalidades que permiten ampliar el ámbito de operaciones. Se puede montar en trípodes, vehículos, puentes y pasarelas.</p>

<figure class="wp-block-image size-large"><img decoding="async" width="1024" height="589" src="https://mobilistraffic.com/wp-content/uploads/2024/08/flexits-caso-uso-03-1024x589.jpg" alt="" class="wp-image-2462" srcset="https://mobilistraffic.com/wp-content/uploads/2024/08/flexits-caso-uso-03-1024x589.jpg 1024w, https://mobilistraffic.com/wp-content/uploads/2024/08/flexits-caso-uso-03-300x173.jpg 300w, https://mobilistraffic.com/wp-content/uploads/2024/08/flexits-caso-uso-03-768x442.jpg 768w, https://mobilistraffic.com/wp-content/uploads/2024/08/flexits-caso-uso-03-1536x883.jpg 1536w, https://mobilistraffic.com/wp-content/uploads/2024/08/flexits-caso-uso-03.jpg 1920w" sizes="(max-width: 1024px) 100vw, 1024px" /></figure>

<p>Desarrollado para su uso en acciones especiales y/u ocasionales de vigilancia del tráfico, el equipo portátil es modular, ligero y fácil de montar. Su diferencial reside en la flexibilidad de añadir funcionalidades que permiten ampliar el ámbito de operaciones. Se puede montar en trípodes, vehículos, puentes y pasarelas.</p>
