{"id":1914,"date":"2024-08-14T16:29:22","date_gmt":"2024-08-14T19:29:22","guid":{"rendered":"https:\/\/mobilis.wxlabs.com.br\/?post_type=produtos&#038;p=1914"},"modified":"2026-01-22T11:22:37","modified_gmt":"2026-01-22T14:22:37","slug":"escola-inteligente-transformando-a-seguranca-escolar","status":"publish","type":"solucoes","link":"https:\/\/mobilistraffic.com\/pt-br\/solucoes\/escola-inteligente-transformando-a-seguranca-escolar\/","title":{"rendered":"Escola Inteligente: Transformando a seguran\u00e7a escolar\u00a0"},"content":{"rendered":"\n<p>Utilizando <em>Big Data<\/em> e Intelig\u00eancia Artificial, nosso sistema gera dados essenciais para a\u00e7\u00f5es estrat\u00e9gicas e automatizadas, garantindo um ambiente seguro e confort\u00e1vel para alunos, professores e respons\u00e1veis.<\/p>\n\n\n\n<figure class=\"wp-block-image size-large\"><img fetchpriority=\"high\" decoding=\"async\" width=\"1024\" height=\"675\" src=\"https:\/\/mobilistraffic.com\/wp-content\/uploads\/2024\/08\/escolainteligente_upscaled_4-pichi-1024x675.jpg\" alt=\"\" class=\"wp-image-3908\" srcset=\"https:\/\/mobilistraffic.com\/wp-content\/uploads\/2024\/08\/escolainteligente_upscaled_4-pichi-1024x675.jpg 1024w, https:\/\/mobilistraffic.com\/wp-content\/uploads\/2024\/08\/escolainteligente_upscaled_4-pichi-300x198.jpg 300w, https:\/\/mobilistraffic.com\/wp-content\/uploads\/2024\/08\/escolainteligente_upscaled_4-pichi-768x506.jpg 768w, https:\/\/mobilistraffic.com\/wp-content\/uploads\/2024\/08\/escolainteligente_upscaled_4-pichi-1536x1012.jpg 1536w, https:\/\/mobilistraffic.com\/wp-content\/uploads\/2024\/08\/escolainteligente_upscaled_4-pichi.jpg 1920w\" sizes=\"(max-width: 1024px) 100vw, 1024px\" \/><\/figure>\n\n\n\n<h2 class=\"wp-block-heading\">Componentes principais do sistema:<\/h2>\n\n\n\n<details class=\"wp-block-details is-layout-flow wp-block-details-is-layout-flow\"><summary><strong><strong><strong>C\u00e2meras de reconhecimento facial<\/strong><\/strong><\/strong><\/summary>\n<p>Instaladas na fachada da escola, essas c\u00e2meras identificam elementos de risco nas proximidades, detectam comportamentos suspeitos e reconhecem a chegada dos respons\u00e1veis pelos alunos.&nbsp;<\/p>\n<\/details>\n\n\n\n<details class=\"wp-block-details is-layout-flow wp-block-details-is-layout-flow\"><summary><strong><strong><strong>C\u00e2meras OCR<\/strong><\/strong><\/strong><\/summary>\n<p>Detectam a chegada de ve\u00edculos dos respons\u00e1veis e poss\u00edveis suspeitos, realizando an\u00e1lises comportamentais em conjunto com as c\u00e2meras de reconhecimento facial.&nbsp;<\/p>\n<\/details>\n\n\n\n<details class=\"wp-block-details is-layout-flow wp-block-details-is-layout-flow\"><summary><strong><strong>C\u00e2meras perimetrais<\/strong><\/strong><\/summary>\n<p>Detectam a passagem de pessoas sobre barreiras, constatando invas\u00f5es e acionando alertas via sistema.&nbsp;<\/p>\n<\/details>\n\n\n\n<details class=\"wp-block-details is-layout-flow wp-block-details-is-layout-flow\"><summary><strong><strong><strong>C\u00e2meras perimetrais de dissuas\u00e3o<\/strong><\/strong><\/strong><\/summary>\n<p>Al\u00e9m de detectar invas\u00f5es, emitem alertas luminosos e sonoros locais para dissuas\u00e3o imediata.<\/p>\n<\/details>\n\n\n\n<details class=\"wp-block-details is-layout-flow wp-block-details-is-layout-flow\"><summary><strong><strong><strong><strong>Bodycam<\/strong><\/strong><\/strong><\/strong><\/summary>\n<p>C\u00e2mera de lapela com reconhecimento facial, bot\u00e3o de p\u00e2nico e comunica\u00e7\u00e3o bidirecional com a Guarda Municipal, usada pelo respons\u00e1vel pela recep\u00e7\u00e3o dos visitantes.&nbsp;<\/p>\n<\/details>\n\n\n\n<details class=\"wp-block-details is-layout-flow wp-block-details-is-layout-flow\"><summary><strong><strong><strong><strong><strong>C\u00e2meras de videomonitoramento<\/strong><\/strong><\/strong><\/strong><\/strong><\/summary>\n<p>Diversos modelos para apoio ao monitoramento em tempo real, garantindo vigil\u00e2ncia cont\u00ednua.&nbsp;<\/p>\n<\/details>\n\n\n\n<details class=\"wp-block-details is-layout-flow wp-block-details-is-layout-flow\"><summary><strong><strong><strong><strong><strong><strong>Sirenes<\/strong><\/strong><\/strong><\/strong><\/strong><\/strong><\/summary>\n<p>Emitem alertas sonoros para dissuas\u00e3o e ativa\u00e7\u00e3o de protocolos de conting\u00eancia.&nbsp;<\/p>\n<\/details>\n\n\n\n<details class=\"wp-block-details is-layout-flow wp-block-details-is-layout-flow\"><summary><strong><strong><strong><strong><strong><strong><strong>Catracas inteligentes<\/strong><\/strong><\/strong><\/strong><\/strong><\/strong><\/strong><\/summary>\n<p>Integradas aos terminais de reconhecimento facial, liberam acesso apenas para pessoas autorizadas, aumentando a seguran\u00e7a nas entradas e sa\u00eddas.&nbsp;<\/p>\n<\/details>\n\n\n\n<details class=\"wp-block-details is-layout-flow wp-block-details-is-layout-flow\"><summary><strong><strong><strong><strong><strong><strong><strong><strong>Terminais de reconhecimento facial<\/strong><\/strong><\/strong><\/strong><\/strong><\/strong><\/strong><\/strong><\/summary>\n<p>Instalados nas catracas e ao lado das portas das salas de aula, atuam como pontos de controle de acesso para identificar pessoas autorizadas.&nbsp;<\/p>\n<\/details>\n\n\n\n<details class=\"wp-block-details is-layout-flow wp-block-details-is-layout-flow\"><summary><strong><strong><strong><strong><strong><strong><strong><strong><strong>Terminal de cadastro<\/strong><\/strong><\/strong><\/strong><\/strong><\/strong><\/strong><\/strong><\/strong><\/summary>\n<p>Localizado na secretaria da escola, realiza o cadastro e valida\u00e7\u00e3o dos acessos dos respons\u00e1veis.&nbsp;<\/p>\n<\/details>\n\n\n\n<details class=\"wp-block-details is-layout-flow wp-block-details-is-layout-flow\"><summary><strong><strong><strong><strong><strong><strong><strong><strong><strong><strong>Travamento de portas magn\u00e9tico<\/strong><\/strong><\/strong><\/strong><\/strong><\/strong><\/strong><\/strong><\/strong><\/strong><\/summary>\n<p>Sistema integrado ao software de gest\u00e3o, liberando o travamento da porta quando autorizado internamente ou na chegada\/sa\u00edda de alunos acompanhados pelos respons\u00e1veis.&nbsp;<\/p>\n<\/details>\n\n\n\n<details class=\"wp-block-details is-layout-flow wp-block-details-is-layout-flow\"><summary><strong><strong><strong><strong><strong><strong><strong><strong><strong><strong><strong>Monitores<\/strong><\/strong><\/strong><\/strong><\/strong><\/strong><\/strong><\/strong><\/strong><\/strong><\/strong><\/summary>\n<p>Instalados em salas de aula e locais estrat\u00e9gicos, fornecem informa\u00e7\u00f5es em tempo real para a gest\u00e3o \u00e0 vista.&nbsp;<\/p>\n<\/details>\n\n\n\n<details class=\"wp-block-details is-layout-flow wp-block-details-is-layout-flow\"><summary><strong><strong><strong><strong><strong><strong><strong><strong><strong><strong><strong><strong>Software de gest\u00e3o de acessos<\/strong><\/strong><\/strong><\/strong><\/strong><\/strong><\/strong><\/strong><\/strong><\/strong><\/strong><\/strong><\/summary>\n<p>Controla permiss\u00f5es de acesso, frequ\u00eancia escolar e dados gerenciais, integrado ao aplicativo de cadastros.&nbsp;<\/p>\n<\/details>\n\n\n\n<details class=\"wp-block-details is-layout-flow wp-block-details-is-layout-flow\"><summary><strong><strong><strong><strong><strong><strong><strong><strong><strong><strong><strong><strong><strong>Aplicativo de cadastros e informa\u00e7\u00f5es aos respons\u00e1veis<\/strong><\/strong><\/strong><\/strong><\/strong><\/strong><\/strong><\/strong><\/strong><\/strong><\/strong><\/strong><\/strong><\/summary>\n<p>Realiza o cadastro dos respons\u00e1veis e troca de informa\u00e7\u00f5es como confirma\u00e7\u00e3o de presen\u00e7a, dados estat\u00edsticos etc.&nbsp;<\/p>\n<\/details>\n\n\n\n<details class=\"wp-block-details is-layout-flow wp-block-details-is-layout-flow\"><summary><strong><strong><strong><strong><strong><strong><strong><strong><strong><strong><strong><strong><strong><strong>Software de gest\u00e3o de eventos<\/strong><\/strong><\/strong><\/strong><\/strong><\/strong><\/strong><\/strong><\/strong><\/strong><\/strong><\/strong><\/strong><\/strong><\/summary>\n<p>Respons\u00e1vel pelas funcionalidades anal\u00edticas, incluindo reconhecimento facial, <em>OCR<\/em>, an\u00e1lise comportamental, cruzamento de dados entre escolas e <em>Business Intelligence<\/em>.&nbsp;<\/p>\n<\/details>\n","protected":false},"excerpt":{"rendered":"<p>A Escola Inteligente\u00a0\u00e9 uma solu\u00e7\u00e3o que combina c\u00e2meras inteligentes e software anal\u00edtico para elevar o n\u00edvel de seguran\u00e7a e a gest\u00e3o dentro do per\u00edmetro escolar.<\/p>\n","protected":false},"author":1,"featured_media":3235,"template":"","class_list":["post-1914","solucoes","type-solucoes","status-publish","has-post-thumbnail","hentry"],"_links":{"self":[{"href":"https:\/\/mobilistraffic.com\/pt-br\/wp-json\/wp\/v2\/solucoes\/1914","targetHints":{"allow":["GET"]}}],"collection":[{"href":"https:\/\/mobilistraffic.com\/pt-br\/wp-json\/wp\/v2\/solucoes"}],"about":[{"href":"https:\/\/mobilistraffic.com\/pt-br\/wp-json\/wp\/v2\/types\/solucoes"}],"author":[{"embeddable":true,"href":"https:\/\/mobilistraffic.com\/pt-br\/wp-json\/wp\/v2\/users\/1"}],"version-history":[{"count":2,"href":"https:\/\/mobilistraffic.com\/pt-br\/wp-json\/wp\/v2\/solucoes\/1914\/revisions"}],"predecessor-version":[{"id":5142,"href":"https:\/\/mobilistraffic.com\/pt-br\/wp-json\/wp\/v2\/solucoes\/1914\/revisions\/5142"}],"wp:featuredmedia":[{"embeddable":true,"href":"https:\/\/mobilistraffic.com\/pt-br\/wp-json\/wp\/v2\/media\/3235"}],"wp:attachment":[{"href":"https:\/\/mobilistraffic.com\/pt-br\/wp-json\/wp\/v2\/media?parent=1914"}],"curies":[{"name":"wp","href":"https:\/\/api.w.org\/{rel}","templated":true}]}}

Escola Inteligente: Transformando a segurança escolar

<p>Utilizando <em>Big Data</em> e Inteligência Artificial, nosso sistema gera dados essenciais para ações estratégicas e automatizadas, garantindo um ambiente seguro e confortável para alunos, professores e responsáveis.</p>



<figure class="wp-block-image size-large"><img fetchpriority="high" decoding="async" width="1024" height="675" src="https://mobilistraffic.com/wp-content/uploads/2024/08/escolainteligente_upscaled_4-pichi-1024x675.jpg" alt="" class="wp-image-3908" srcset="https://mobilistraffic.com/wp-content/uploads/2024/08/escolainteligente_upscaled_4-pichi-1024x675.jpg 1024w, https://mobilistraffic.com/wp-content/uploads/2024/08/escolainteligente_upscaled_4-pichi-300x198.jpg 300w, https://mobilistraffic.com/wp-content/uploads/2024/08/escolainteligente_upscaled_4-pichi-768x506.jpg 768w, https://mobilistraffic.com/wp-content/uploads/2024/08/escolainteligente_upscaled_4-pichi-1536x1012.jpg 1536w, https://mobilistraffic.com/wp-content/uploads/2024/08/escolainteligente_upscaled_4-pichi.jpg 1920w" sizes="(max-width: 1024px) 100vw, 1024px" /></figure>



<h2 class="wp-block-heading">Componentes principais do sistema:</h2>



<details class="wp-block-details is-layout-flow wp-block-details-is-layout-flow"><summary><strong><strong><strong>Câmeras de reconhecimento facial</strong></strong></strong></summary>
<p>Instaladas na fachada da escola, essas câmeras identificam elementos de risco nas proximidades, detectam comportamentos suspeitos e reconhecem a chegada dos responsáveis pelos alunos.&nbsp;</p>
</details>



<details class="wp-block-details is-layout-flow wp-block-details-is-layout-flow"><summary><strong><strong><strong>Câmeras OCR</strong></strong></strong></summary>
<p>Detectam a chegada de veículos dos responsáveis e possíveis suspeitos, realizando análises comportamentais em conjunto com as câmeras de reconhecimento facial.&nbsp;</p>
</details>



<details class="wp-block-details is-layout-flow wp-block-details-is-layout-flow"><summary><strong><strong>Câmeras perimetrais</strong></strong></summary>
<p>Detectam a passagem de pessoas sobre barreiras, constatando invasões e acionando alertas via sistema.&nbsp;</p>
</details>



<details class="wp-block-details is-layout-flow wp-block-details-is-layout-flow"><summary><strong><strong><strong>Câmeras perimetrais de dissuasão</strong></strong></strong></summary>
<p>Além de detectar invasões, emitem alertas luminosos e sonoros locais para dissuasão imediata.</p>
</details>



<details class="wp-block-details is-layout-flow wp-block-details-is-layout-flow"><summary><strong><strong><strong><strong>Bodycam</strong></strong></strong></strong></summary>
<p>Câmera de lapela com reconhecimento facial, botão de pânico e comunicação bidirecional com a Guarda Municipal, usada pelo responsável pela recepção dos visitantes.&nbsp;</p>
</details>



<details class="wp-block-details is-layout-flow wp-block-details-is-layout-flow"><summary><strong><strong><strong><strong><strong>Câmeras de videomonitoramento</strong></strong></strong></strong></strong></summary>
<p>Diversos modelos para apoio ao monitoramento em tempo real, garantindo vigilância contínua.&nbsp;</p>
</details>



<details class="wp-block-details is-layout-flow wp-block-details-is-layout-flow"><summary><strong><strong><strong><strong><strong><strong>Sirenes</strong></strong></strong></strong></strong></strong></summary>
<p>Emitem alertas sonoros para dissuasão e ativação de protocolos de contingência.&nbsp;</p>
</details>



<details class="wp-block-details is-layout-flow wp-block-details-is-layout-flow"><summary><strong><strong><strong><strong><strong><strong><strong>Catracas inteligentes</strong></strong></strong></strong></strong></strong></strong></summary>
<p>Integradas aos terminais de reconhecimento facial, liberam acesso apenas para pessoas autorizadas, aumentando a segurança nas entradas e saídas.&nbsp;</p>
</details>



<details class="wp-block-details is-layout-flow wp-block-details-is-layout-flow"><summary><strong><strong><strong><strong><strong><strong><strong><strong>Terminais de reconhecimento facial</strong></strong></strong></strong></strong></strong></strong></strong></summary>
<p>Instalados nas catracas e ao lado das portas das salas de aula, atuam como pontos de controle de acesso para identificar pessoas autorizadas.&nbsp;</p>
</details>



<details class="wp-block-details is-layout-flow wp-block-details-is-layout-flow"><summary><strong><strong><strong><strong><strong><strong><strong><strong><strong>Terminal de cadastro</strong></strong></strong></strong></strong></strong></strong></strong></strong></summary>
<p>Localizado na secretaria da escola, realiza o cadastro e validação dos acessos dos responsáveis.&nbsp;</p>
</details>



<details class="wp-block-details is-layout-flow wp-block-details-is-layout-flow"><summary><strong><strong><strong><strong><strong><strong><strong><strong><strong><strong>Travamento de portas magnético</strong></strong></strong></strong></strong></strong></strong></strong></strong></strong></summary>
<p>Sistema integrado ao software de gestão, liberando o travamento da porta quando autorizado internamente ou na chegada/saída de alunos acompanhados pelos responsáveis.&nbsp;</p>
</details>



<details class="wp-block-details is-layout-flow wp-block-details-is-layout-flow"><summary><strong><strong><strong><strong><strong><strong><strong><strong><strong><strong><strong>Monitores</strong></strong></strong></strong></strong></strong></strong></strong></strong></strong></strong></summary>
<p>Instalados em salas de aula e locais estratégicos, fornecem informações em tempo real para a gestão à vista.&nbsp;</p>
</details>



<details class="wp-block-details is-layout-flow wp-block-details-is-layout-flow"><summary><strong><strong><strong><strong><strong><strong><strong><strong><strong><strong><strong><strong>Software de gestão de acessos</strong></strong></strong></strong></strong></strong></strong></strong></strong></strong></strong></strong></summary>
<p>Controla permissões de acesso, frequência escolar e dados gerenciais, integrado ao aplicativo de cadastros.&nbsp;</p>
</details>



<details class="wp-block-details is-layout-flow wp-block-details-is-layout-flow"><summary><strong><strong><strong><strong><strong><strong><strong><strong><strong><strong><strong><strong><strong>Aplicativo de cadastros e informações aos responsáveis</strong></strong></strong></strong></strong></strong></strong></strong></strong></strong></strong></strong></strong></summary>
<p>Realiza o cadastro dos responsáveis e troca de informações como confirmação de presença, dados estatísticos etc.&nbsp;</p>
</details>



<details class="wp-block-details is-layout-flow wp-block-details-is-layout-flow"><summary><strong><strong><strong><strong><strong><strong><strong><strong><strong><strong><strong><strong><strong><strong>Software de gestão de eventos</strong></strong></strong></strong></strong></strong></strong></strong></strong></strong></strong></strong></strong></strong></summary>
<p>Responsável pelas funcionalidades analíticas, incluindo reconhecimento facial, <em>OCR</em>, análise comportamental, cruzamento de dados entre escolas e <em>Business Intelligence</em>.&nbsp;</p>
</details>

<p>A Escola Inteligente é uma solução que combina câmeras inteligentes e software analítico para elevar o nível de segurança e a gestão dentro do perímetro escolar.</p>
